77?
7
What is the units digit of 193?
3
What is the thousands digit of 1820?
1
What is the units digit of 873?
3
What is the units digit of 9135?
5
What is the hundreds digit of 2136?
1
What is the units digit of 22696?
6
What is the units digit of 5573?
3
What is the units digit of 753?
3
What is the tens digit of 2699?
9
What is the ten thousands digit of 14991?
1
What is the hundreds digit of 6431?
4
What is the tens digit of 10515?
1
What is the thousands digit of 1230?
1
What is the tens digit of 691?
9
What is the hundreds digit of 16540?
5
What is the tens digit of 2673?
7
What is the hundreds digit of 135?
1
What is the thousands digit of 24038?
4
What is the units digit of 69?
9
What is the units digit of 21665?
5
What is the units digit of 1465?
5
What is the tens digit of 129?
2
What is the hundreds digit of 10804?
8
What is the tens digit of 20?
2
What is the tens digit of 151849?
4
What is the ten thousands digit of 12141?
1
What is the units digit of 943?
3
What is the units digit of 1270?
0
What is the units digit of 708?
8
What is the thousands digit of 7797?
7
What is the thousands digit of 8790?
8
What is the ten thousands digit of 12961?
1
What is the units digit of 34160?
0
What is the units digit of 36574?
4
What is the hundreds digit of 1303?
3
What is the tens digit of 407?
0
What is the ten thousands digit of 38803?
3
What is the thousands digit of 2456?
2
What is the units digit of 10918?
8
What is the hundreds digit of 1059?
0
What is the hundreds digit of 51152?
1
What is the hundreds digit of 3359?
3
What is the thousands digit of 5959?
5
What is the hundreds digit of 1513?
5
What is the tens digit of 3549?
4
What is the tens digit of 57910?
1
What is the thousands digit of 7701?
7
What is the thousands digit of 5472?
5
What is the ten thousands digit of 16908?
1
What is the ten thousands digit of 32838?
3
What is the hundreds digit of 40197?
1
What is the units digit of 4543?
3
What is the hundreds digit of 1374?
3
What is the hundreds digit of 5184?
1
What is the tens digit of 2104?
0
What is the units digit of 586?
6
What is the units digit of 35?
5
What is the hundreds digit of 2024?
0
What is the units digit of 755?
5
What is the thousands digit of 10810?
0
What is the units digit of 489?
9
What is the ten thousands digit of 15739?
1
What is the units digit of 5129?
9
What is the ten thousands digit of 21664?
2
What is the thousands digit of 1299?
1
What is the thousands digit of 10461?
0
What is the units digit of 11001?
1
What is the units digit of 765?
5
What is the tens digit of 5303?
0
What is the hundreds digit of 17414?
4
What is the hundreds digit of 3621?
6
What is the tens digit of 880?
8
What is the units digit of 655?
5
What is the units digit of 347?
7
What is the tens digit of 1304?
0
What is the tens digit of 7122?
2
What is the units digit of 41?
1
What is the hundreds digit of 372?
3
What is the ten thousands digit of 42022?
4
What is the tens digit of 381?
8
What is the hundreds digit of 1001?
0
What is the tens digit of 10973?
7
What is the ten thousands digit of 14454?
1
What is the hundreds digit of 1842?
8
What is the hundreds digit of 142?
1
What is the thousands digit of 1736?
1
What is the units digit of 4692?
2
What is the units digit of 174128?
8
What is the units digit of 1693?
3
What is the thousands digit of 46426?
6
What is the hundreds digit of 121?
1
What is the tens digit of 30928?
2
What is the thousands digit of 9959?
9
What is the hundreds digit of 820?
8
What is the hundreds digit of 905?
9
What is the hundreds digit of 76446?
4
What is the thousands digit of 40827?
0
What is the units digit of 1336?
6
What is the tens digit of 27429?
2
What is the tens digit of 62491?
9
What is the tens digit of 3619?
1
What is the units digit of 9200?
0
What is the tens digit of 13897?
9
What is the units digit of 1824?
4
What is the units digit of 46132?
2
What is the hundreds digit of 8214?
2
What is the tens digit of 68913?
1
What is the units digit of 51?
1
What is the tens digit of 794?
9
What is the hundreds digit of 732?
7
What is the thousands digit of 22174?
2
What is the ten thousands digit of 13640?
1
What is the ten thousands digit of 10323?
1
What is the tens digit of 1320?
2
What is the tens digit of 7089?
8
What is the tens digit of 33793?
9
What is the units digit of 13811?
1
What is the hundreds digit of 230?
2
What is the hundreds digit of 6042?
0
What is the thousands digit of 20429?
0
What is the tens digit of 31011?
1
What is the hundreds digit of 9173?
1
What is the hundreds digit of 7939?
9
What is the tens digit of 2466?
6
What is the thousands digit of 6415?
6
What is the units digit of 1600?
0
What is the hundreds digit of 670?
6
What is the tens digit of 4869?
6
What is the tens digit of 24360?
6
What is the units digit of 86414?
4
What is the hundreds digit of 678?
6
What is the units digit of 8350?
0
What is the ten thousands digit of 101206?
0
What is the tens digit of 742?
4
What is the units digit of 672?
2
What is the hundreds digit of 448?
4
What is the hundreds digit of 3429?
4
What is the units digit of 988?
8
What is the ten thousands digit of 94161?
9
What is the ten thousands digit of 72022?
7
What is the tens digit of 1408?
0
What is the thousands digit of 78184?
8
What is the units digit of 1848?
8
What is the ten thousands digit of 20701?
2
What is the tens digit of 80?
8
What is the tens digit of 2093?
9
What is the hundreds digit of 6309?
3
What is the tens digit of 10019?
1
What is the units digit of 13961?
1
What is the hundreds digit of 3653?
6
What is the tens digit of 666?
6
What is the units digit of 34?
4
What is the units digit of 44035?
5
What is the units digit of 226?
6
What is the tens digit of 12451?
5
What is the hundreds digit of 2035?
0
What is the tens digit of 730?
3
What is the units digit of 1850?
0
What is the hundreds digit of 102365?
3
What is the hundreds digit of 534?
5
What is the tens digit of 766?
6
What is the tens digit of 3278?
7
What is the hundreds digit of 1629?
6
What is the units digit of 889?
9
What is the tens digit of 36648?
4
What is the tens digit of 1282?
8
What is the thousands digit of 1245?
1
What is the tens digit of 4124?
2
What is the units digit of 105?
5
What is the hundreds digit of 5949?
9
What is the hundreds digit of 5653?
6
What is the units digit of 4461?
1
What is the units digit of 4930?
0
What is the units digit of 16191?
1
What is the hundreds digit of 12978?
9
What is the thousands digit of 2103?
2
What is the hundreds digit of 54325?
3
What is the tens digit of 7607?
0
What is the units digit of 2675?
5
What is the tens digit of 381?
8
What is the thousands digit of 28493?
8
What is the thousands digit of 57894?
7
What is the tens digit of 36158?
5
What is the tens digit of 88924?
2
What is the tens digit of 687?
8
What is the tens digit of 348?
4
What is the tens digit of 20588?
8
What is the tens digit of 898?
9
What is the hundreds digit of 6585?
5
What is the units digit of 4689?
9
What is the units digit of 1635?
5
What is the thousands digit of 1870?
1
What is the ten thousands digit of 66970?
6
What is the units digit of 3595?
5
What is the tens digit of 1988?
8
What is the hundreds digit of 6369?
3
What is the units digit of 3762?
2
What is the tens digit of 6619?
1
What is the units digit of 1500?
0
What is the units digit of 1084?
4
What is the hundreds digit of 978?
9
What is the tens digit of 122?
2
What is the units digit of 443?
3
What is the units digit of 9685?
5
What is the hundreds digit of 14037?
0
What is the thousands digit of 1391?
1
What is the tens digit of 34814?
1
What is the units digit of 279?
9
What is the hundreds digit of 456?
4
What is the thousands digit of 13537?
3
What is the tens digit of 2958?
5
What is the hundreds digit of 6537?
5
What is the tens digit of 6162?
6
What is the units digit of 143760?
0
What is the units digit of 13346?
6
What is the tens digit of 162521?
2
What is the tens digit of 2616?
1
What is the thousands digit of 1190?
1
What is the tens digit of 4290?
9
What is the hundreds digit of 21594?
5
What is the thousands digit of 1283?
1
What is the tens digit of 35?
3
What is the thousands digit of 3441?
3
What is the units d